 - m/(-3). What are the prime factors of (528/w)/(2/(-10))?
2, 3, 11
Suppose -14*y + 11*y = 537. Let x = y - -277. List the prime factors of x.
2, 7
Suppose -173 = 2*r - 575. Let u = 392 - r. What are the prime factors of u?
191
Let b = 176 - 397. List the prime factors of 1/((-2)/6) - b.
2, 109
Suppose -2*p - 6 + 0 = 0, 5*p = 4*f + 17. Let z(q) = q + 19. List the prime factors of z(f).
11
Let t be 0 + 1 - (-2 - 0). Let d be 1 - 12/30 - (-47)/5. Suppose -d - 106 = -5*i + 4*k, t*i - 68 = 2*k. What are the prime factors of i?
2, 5
Suppose o + 14 = 2*x - o, -2*x + 4*o + 20 = 0. Suppose 8*i - 3*i = z + 212, x*z = -3*i + 141. List the prime factors of i.
43
Suppose 0 = 3*g - 4*n - 31, 4*g - 3*n + 8*n = 0. Let j(s) = 4*s**2 + 5*s - 8. What are the prime factors of j(g)?
3, 13
Let m = 331 + -32. Suppose -p + 5*n + 241 = 3*p, m = 5*p - 4*n. What are the prime factors of p?
59
Suppose -2158*v + 2118 = -2156*v. What are the prime factors of v?
3, 353
Suppose 175 + 218 = v. Suppose -27*p - v = -30*p. What are the prime factors of p?
131
Let m(o) = 5*o + 1 - 4 - 2. Suppose 2*h - 35 = -3*h. List the prime factors of m(h).
2, 3, 5
Suppose 2*z - 405 + 365 = 0. List the prime factors of z.
2, 5
Let y(p) = p**3 + 3*p**2 + 3*p. Let o be y(-2). What are the prime factors of (-50 - -3)*(o - -1)?
47
Let k(f) = 607*f + 20. What are the prime factors of k(2)?
2, 617
Let v(n) = -65*n + 24. Let k be v(-4). Suppose 276 + k = 7*w. What are the prime factors of w?
2, 5
Suppose 169 = 3*i - 665. What are the prime factors of i?
2, 139
Let k be (66 + -1)*(17 + -13). Suppose k = 9*t - 4*t. List the prime factors of t.
2, 13
Suppose -4*t = -7*n + 4*n, -t + 4*n - 13 = 0. Let i(w) = -w**2 - 8*w - 5. Let f be i(-5). Let j = t + f. List the prime factors of j.
13
Let a(m) = 2*m**2 - 1. Let i be a(-1). Let c(d) = -5*d**2 + i + d + 0 + 18*d**2. What are the prime factors of c(-1)?
13
List the prime factors of (-19)/(-2)*(-624)/(-13).
2, 3, 19
Let a(z) = z**3 + 9*z**2 + 5*z - 18. Let s(t) = t**3 + 5*t**2 - 4*t + 4. Let l be s(-6). List the prime factors of a(l).
2, 3
Suppose -9*o + 6090 = 5*o. What are the prime factors of o?
3, 5, 29
Suppose 0 = 11*n + 3 - 25. Suppose 8*s - 284 = 4*s - 4*c, n*s = 5*c + 149. What are the prime factors of s?
2, 3
Let t = -7 - -11. Suppose -78 = -t*h + h. List the prime factors of h.
2, 13
Let b(a) = -489*a + 165. What are the prime factors of b(-6)?
3, 1033
Let a(n) = 4*n**3 + 4*n**2 - 30*n + 11. List the prime factors of a(4).
211
Suppose -8*r + 146 = -134. Let v = r - -28. What are the prime factors of v?
3, 7
Let l(z) be the third derivative of z**6/120 + z**5/12 - z**4/12 - z**3/6 - 7*z**2. List the prime factors of l(-5).
3
Let x(s) = 3*s**3 - s**2 - 26*s + 3. Let l(k) = k**3 - 9*k + 1. Let a(u) = 17*l(u) - 6*x(u). Let c be 4/(-24) - 259/(-42). What are the prime factors of a(c)?
17
Let z(p) = 2*p**2 + 3*p - 2. Let h(x) = -2*x**2 - 4*x + 3. Let d(l) = -3*h(l) - 2*z(l). Suppose 12 = -4*r - 12. What are the prime factors of d(r)?
31
Let z = -25 - -25. Suppose z = 5*s - 4*s - 80. What are the prime factors of s?
2, 5
Let b(u) = -13*u**2 + 4*u + 1. Let c be b(3). What are the prime factors of c/(-2) + (11 - 13)?
2, 5
Let d = -191 - -338. List the prime factors of d.
3, 7
Let n = 24 - 22. Suppose 5*c + 4*z = 10, -n*c = -2*z - z + 19. What are the prime factors of c/(-4)*(45 - -1)?
23
Let h(r) = 225*r - 19. List the prime factors of h(19).
2, 7, 19
Let v = -544 - -730. List the prime factors of v.
2, 3, 31
Let m(y) = -4*y - 7 - 16 + 6 + 11*y. List the prime factors of m(11).
2, 3, 5
What are the prime factors of (150 - -2) + (15/3 - 3)?
2, 7, 11
Let a(s) be the third derivative of 1/24*s**4 - s**3 + 0 + 1/120*s**6 - 2/15*s**5 + 0*s - 4*s**2. What are the prime factors of a(8)?
2
Suppose 0 = -3*j + b - 801 + 3403, 2*j - 4*b = 1718. What are the prime factors of j?
11, 79
What are the prime factors of (-3)/(15/(-25)) + 256/4?
3, 23
Suppose 93*m = 103*m - 6310. List the prime factors of m.
631
Suppose 0 = b - 6 + 1. Let l = -358 + 361. Let s = b + l. What are the prime factors of s?
2
Suppose 863 + 5101 = 3*n - 3*u, -1988 = -n - 4*u. List the prime factors of n.
2, 7, 71
Suppose 9178 = 4*x + 2*b, 30*x + 5*b + 6864 = 33*x. List the prime factors of x.
2293
Let c be ((-26)/39)/((-1)/3). Suppose 0 = 5*w - w - 8. Suppose -w*h - 2*d + 36 = 0, 3*d = -c*h - 0*d + 35. What are the prime factors of h?
19
Let m(p) = p**3 + 2*p + 1. List the prime factors of m(3).
2, 17
Let n = 78 + -213. Let p = -102 - n. What are the prime factors of p?
3, 11
Let z = 4 + -10. Let g = 21 - z. Let q = g + 5. List the prime factors of q.
2
Let w(k) = -k**3 + 13*k**2 - 14*k - 6. Let a be w(10). Let u(n) = n**3 + 5*n**2 - 6*n. Let v be u(-6). Suppose v = 4*f + 38 - a. List the prime factors of f.
29
Let p(d) = 116*d**3 - d**2 - 2*d - 3. List the prime factors of p(2).
7, 131
Suppose -2*z = -3*t + 5, 7 = -z + t - 4*t. Let r be (1 + 1)/(z/218). Let m = r + 157. List the prime factors of m.
2, 3
Let u = 19 + 48. Suppose -a + 218 = u. What are the prime factors of a?
151
Let h(i) = 144*i**2 - 8*i + 3. List the prime factors of h(-2).
5, 7, 17
Let p(d) = 2*d**2 - 11*d + 31. What are the prime factors of p(11)?
2, 19
Let n(b) = 3 + 0 + b - 3. Let c(g) = -10*g - 11. Let x(f) = c(f) + 2*n(f). List the prime factors of x(-8).
53
Let u(t) = t**2 - 10*t - 8. Let g be u(11). Suppose -6*k = -g*k - 117. Let p = k + -2. List the prime factors of p.
37
Let u = -47 - -49. Suppose 0 = u*d - 69 - 29. List the prime factors of d.
7
Suppose g - 750 = -83. List the prime factors of g.
23, 29
Suppose 3*w - 340 = -2*t + 1686, -w = -4*t - 652. List the prime factors of w.
2, 3, 7
Let a(g) = g**2 + g - 7. Let x be 3/(-6)*(8 + 0). What are the prime factors of a(x)?
5
Suppose -45*o = 3*i - 49*o - 52, -12 = 3*o. What are the prime factors of i?
2, 3
Suppose 5*l = t - 3*t + 1746, l + 3536 = 4*t. List the prime factors of t.
883
Suppose 201 = 12*w - 11*w. List the prime factors of w.
3, 67
Suppose 0*d - 3*q + 1 = d, 0 = -d - 5*q + 1. Suppose 5 = 5*c, 2*c - d = -w + 6. Suppose 0 = -w*z - 24 + 94. What are the prime factors of z?
2, 7
Suppose -10*h + 5*h = -1165. What are the prime factors of h?
233
Let k = 817 + -368. List the prime factors of k.
449
Suppose 0 = 11*c - 10959 - 13230. What are the prime factors of c?
3, 733
Let d be (16/40)/(2/290). Let p = -31 + d. List the prime factors of p.
3
Let c(r) be the third derivative of r**5/60 - r**4/4 + 25*r**3/6 - 21*r**2. What are the prime factors of c(10)?
5, 13
Suppose -d = -0 - 14. List the prime factors of (0 - 99)/((-21)/d).
2, 3, 11
List the prime factors of (40*(-55)/(-22))/((-4)/(-6)).
2, 3, 5
Suppose -5*o + 7*o = 2*i - 6456, -4*i + 12909 = -o. List the prime factors of i.
7, 461
Let y = -212 - -370. Suppose -3*n + 3*g + 480 = 0, -g + y = 3*n - 2*n. What are the prime factors of n?
3, 53
Let y = 25 + -19. Suppose -3*v = y, -4*k - v = -k - 82. Suppose 0 = 2*o - i - k, -2*o - i = 4*i - 52. List the prime factors of o.
2
Suppose -4*r = 8, -t + 4*t - 25 = -r. Suppose -x - 5*y + 37 = 0, 4*y + 10 = x - t. List the prime factors of x.
3
List the prime factors of ((-4)/3)/1 + 7710/18.
7, 61
Suppose -520 = -5*z - 3*z. Suppose -3*x - 3*s + 63 = -72, 4*s = x - z. List the prime factors of x.
7
Let x = 2 - 4. Let m be 6/(-33) - x/11. Suppose -9*o + 4*o + 110 = m. List the prime factors of o.
2, 11
Suppose -4 = n, 41*n = -5*c + 38*n + 25553. List the prime factors of c.
5113
Suppose -4*w + 128 = -3*c, 0 = -3*w + 5*c + 91 + 16. Suppose -w = -2*i - 11. What are the prime factors of i?
3
Let u = -3 + 2. Let m = u + 28. Let o = m - 18. What are the prime factors of o?
3
Let k(c) = -c**2 - 8*c + 3. Let j be k(-8). Suppose -4 = j*w - 49. List the prime factors of w.
3, 5
Let v = 426 + -240. What are the prime factors of 24/40 - v*(-2)/5?
3, 5
Suppose -139*k = -120*k - 21850. List the prime factors of k.
2, 5, 23
Let p = 36 + -35. Let a be p/(2*3/(-54)). Let b(q) = -q**3 - 9*q**2 - q + 13. What are the prime factors of b(a)?
2, 11
Let w = -14 + 18. Suppose x - 4*k = 58, 2*x - 8 - 120 = w*k. What are the prime factors of x?
2, 5, 7
Let p = 437 + -256. Let z = p + -124. What are the prime factors of z?
3, 19
Let y(z) = z + 153. What are the prime factors of y(18)?
3, 19
Let 